 divisor of b and 12?
12
Let h = 59 + -37. Let s be 9/(-1)*151/(-3). Suppose -3*b + s + 9 = 0. What is the highest common divisor of h and b?
22
Let v = 617 + -410. Calculate the highest common factor of v and 23.
23
Let g = -55 + -19. Let y = 26 + g. Let z be y/2*(-2)/6. What is the greatest common factor of 2 and z?
2
Let q(a) = -9*a - a**3 + 9*a + 117. Let g be q(0). Calculate the greatest common divisor of 13 and g.
13
Let v = 5 + -2. Let n be ((-96)/(-30))/((-2)/(-15)). Calculate the greatest common divisor of n and v.
3
Let b = -87 + 145. Calculate the greatest common divisor of b and 29.
29
Let y(v) = -3*v**3 - 6*v**2 - 8*v - 5. Let z be y(-5). What is the greatest common divisor of 26 and z?
26
Let h(g) = -21*g - 1. Let y be h(-1). Let u be (-8)/(-6)*300/8. Calculate the greatest common factor of y and u.
10
Let q be (-15)/(-6)*(2 - 4). Suppose 5*o - 12 = -4*f + o, 2*f + 5*o + 3 = 0. Let v = f + q. What is the greatest common divisor of v and 8?
1
Let m be (-16)/20*2*-45. Suppose -5*l - 6 = -2*h, 3*l - 12 = -5*h + h. Suppose -2*x = -y + 2*x - 4, 4*x - 12 = l. What is the highest common factor of y and m?
8
Let z = 3 - -9. Let f be (1 - z/9)*-12. Calculate the greatest common factor of 44 and f.
4
Let w = -2 - -17. Suppose 203 - 11 = 4*j + 3*d, 0 = 3*j + 5*d - 155. What is the greatest common divisor of w and j?
15
Let a(s) = s**2 - 3*s - 3. Let t be a(6). Let p be 4872/36 - (-1)/(-3). What is the highest common divisor of t and p?
15
Let j be 4/22 + 159/33. Suppose -2*o = -0*t + j*t - 37, t + 25 = 5*o. Let z be ((-21)/o + 1)*-2. What is the greatest common divisor of 5 and z?
5
Let p(m) be the first derivative of m**3/3 + 4*m + 4. Let r be p(4). Calculate the highest common factor of r and 40.
20
Let b be ((-16)/(-36))/2 - (-496)/36. What is the highest common divisor of 7 and b?
7
Let f = -16 + 21. Calculate the greatest common divisor of f and 5.
5
Let o(k) = 3*k. Suppose -5*u = -3*d - 3, 2*u - 3*d = -6 - 0. Let t be o(u). Let m = 45 - 27. What is the greatest common factor of m and t?
9
Let n be (-1 - (-9)/6)*6. Calculate the greatest common divisor of 6 and n.
3
Let q = -13 - -16. Suppose 5*w + q*u + 20 = 84, 0 = -2*w + u + 19. What is the greatest common factor of 11 and w?
11
Suppose -1394 = -5*o + 271. Let j = o - 157. Calculate the highest common factor of 22 and j.
22
Suppose -2*n + 81 - 31 = 0. Suppose 3*i + 4*o = i + 26, 27 = 3*i + 3*o. Calculate the greatest common factor of i and n.
5
Let s be 2/(-3) + 16/6. Let t = s - 0. Suppose t*u = 9 + 9. Calculate the greatest common divisor of 54 and u.
9
Let l be -1 - (1 + (1 - 5)). Suppose 2*z - z = l. Let t(m) = 12*m - 3. Let r be t(z). Calculate the highest common factor of 63 and r.
21
Suppose -5*i + 25 = -5*y, -5*i - 5*y - 21 = -8*i. Suppose -i*l = -5*l + 6. Calculate the greatest common divisor of 2 and l.
2
Let v be (-2 - -4 - 1) + 7. Suppose -f + 9 = 1. What is the highest common divisor of f and v?
8
Let v(c) = -c**2 - 7*c + 8. Let d be v(-6). Let q be (-27)/6*8/3. Let t = q - -110. What is the greatest common divisor of d and t?
14
Let d = -232 - -739. Suppose -581 = -4*j + d. Let m = j - 184. What is the greatest common factor of m and 11?
11
Let b be (-2)/(-1 - -3) + 64. Suppose -u - 22 = -6. Let s = u - -25. Calculate the highest common divisor of s and b.
9
Let l = -68 + 86. What is the greatest common divisor of l and 63?
9
Let x(h) = -19*h + 8*h + 10*h + 2 + 1. Let m be x(-13). What is the greatest common factor of 48 and m?
16
Let o = 16 - 1. Let q be (-46)/(-10)*o/3. Calculate the highest common divisor of 69 and q.
23
Suppose -5*i + 3 = -4*i. Suppose i*k + 6 - 39 = 0. Calculate the greatest common divisor of 121 and k.
11
Let g(x) = 16*x**2 + x - 1. Let f be g(2). What is the highest common factor of 13 and f?
13
Suppose 0 = 74*v - 69*v - 285. What is the highest common divisor of 399 and v?
57
Let j(t) = -t**2 + 3*t. Let x(d) = d**3 + 7*d**2 + 7*d. Let p be x(-6). Let w be j(p). Let g = -21 - w. What is the highest common factor of g and 3?
3
Let p(h) = -7 + 2*h + 0*h**2 - 4*h**2 - h + h**2. Let i be p(-8). Let u = i - -327. What is the greatest common divisor of u and 12?
12
Let b = -19 + 27. Suppose z - 3*y - 13 = 0, -2*y - 9 = -2*z + 5. Suppose 0 = z*j - 18 - 14. What is the highest common divisor of j and b?
8
Let p = 31 + -18. Calculate the greatest common divisor of p and 13.
13
Let k be 3 + 0 + (-5)/(40/(-16)). What is the greatest common factor of k and 55?
5
Suppose 0 = 2*w - 7*w + 4*m + 790, -5*m = 5*w - 745. Let b = 47 + -33. What is the highest common divisor of w and b?
14
Suppose 12 = d + 3*w + 4, -2*w = -2*d. Suppose 3*z - 4*z = d. Let h = z - -19. Calculate the highest common factor of 34 and h.
17
Let u be (2 - 2) + 0 + 0. Let g = 8 + u. Calculate the highest common divisor of g and 8.
8
Let l = 229 + -98. Let d(z) = z**3 - z**2 + 2*z - 3. Let f be d(2). Suppose -f*u = -l + 21. What is the highest common divisor of u and 55?
11
Suppose 3*r - 60 = o, 0 = -3*r - 4*o + 61 - 1. Let m be (-37 + 5)*(-10)/2. What is the greatest common divisor of r and m?
20
Suppose 3*w = -w + 36. Let t be 326/10 + 12/30. Let z = -15 + t. What is the greatest common factor of w and z?
9
Suppose -3*a + 28 + 44 = 0. Let w = 130 - 118. Calculate the highest common divisor of a and w.
12
Suppose -5*o + 5*v = 4*v - 224, 5*v - 230 = -5*o. What is the highest common factor of 15 and o?
15
Let i be 973/15 + (-2)/(-15). What is the highest common factor of 13 and i?
13
Suppose 0 = -4*s + 5*u + 275, -2*u - 100 + 35 = -s. Calculate the greatest common factor of s and 15.
15
Suppose -s + 24 = 2*y, 4*y - s - 12 = 48. Let v = -9 + y. Suppose v = -5*h + 45. What is the greatest common divisor of h and 4?
4
Suppose -4*o = 1 - 9. Suppose -o*p + 3 = -5. What is the greatest common factor of 36 and p?
4
Suppose -18 = q + 5. Let i be q/(-3) + 8/(-12). Calculate the highest common factor of 35 and i.
7
Let q(a) = 2*a**2 + 9*a - 14. Let c be q(6). Let w be 2 + (-2 - -13) - -1. Calculate the highest common factor of w and c.
14
Let s(j) = -10*j**3 + j**2 + j. Suppose -5*l + 8 + 2 = 0. Let i be (2 + -3)/(-1 + l). Let n be s(i). Calculate the highest common divisor of n and 2.
2
Let l be 141/6 + (-1)/(-2). Calculate the greatest common factor of l and 36.
12
Suppose 0 = j - 4 - 6. Let s be 495/j*2/3. Calculate the highest common divisor of 22 and s.
11
Let a = -37 + 50. What is the highest common divisor of a and 26?
13
Let j = 132 + -51. What is the highest common divisor of 54 and j?
27
Let i(u) = -u**2 + 2*u + 6. Let r be i(5). Let z be 214/(-9) - (-2)/r. Let g = z - -36. Calculate the greatest common factor of g and 96.
12
Suppose v - s - 1 = 0, -v + 0*v + 4*s = 2. What is the highest common divisor of 10 and v?
2
Suppose -4*h + 2*z - 4*z + 24 = 0, 4*z = -3*h + 28. Let o be 1707/(-27) - h/(-18). Let b be 1/(-2 + o/(-30)). Calculate the greatest common divisor of b and 10.
10
Suppose 5*q - y = 19, y = -q - 2*y + 7. Let h be 3 + 0 + 1/(-1). Suppose 2*v - 8 = -h*v. Calculate the highest common factor of v and q.
2
Suppose 4 = u - 10. Let h = -126 + 140. Calculate the greatest common divisor of h and u.
14
Let i(p) = 2*p**2 + 7*p + 2. Let l be i(-6). Calculate the greatest common factor of l and 80.
16
Suppose -2*t + 11 = -13. Suppose 11 = -0*m + 2*m + l, 12 = 4*l. Calculate the highest common factor of t and m.
4
Suppose 5*i + 4*u - 230 = 0, -3*i + 116 = -0*i - 2*u. What is the greatest common divisor of 14 and i?
14
Let c = 59 - 42. Calculate the greatest common factor of c and 17.
17
Let t(q) = 41*q**2 - 3*q + 2. Let y be t(1). What is the greatest common factor of y and 60?
20
Let u be (-2)/5*(-9)/3*15. What is the greatest common factor of 2 and u?
2
Let v(c) = -c**3 + 9*c**2 - 4*c + 4. Let x be v(8). Let m = 53 - 20. Suppose 3*g = -4*a + 42, 11 = -2*a - g + m. What is the greatest common factor of a and x?
12
Suppose -2*f = f - 24. Let x be 4/f - (-26)/4. Suppose -42 + 147 = 5*v. Calculate the greatest common divisor of x and v.
7
Let p = -3 - -3. Let d be 0 + 2 + 2 + p. Let a = d - -2. Calculate the highest common divisor of a and 3.
3
Suppose 5*o - 16*o + 264 = 0. Let r(a) = -32*a**3 + a**2 + 2*a + 1. Let f be r(-1). Suppose x - f = -x. What is the highest common factor of o and x